ulate the remainder when 38259600 is divided by 1234180.
20
What is the remainder when 652286988 is divided by 10?
8
What is the remainder when 5911306 is divided by 256?
10
Calculate the remainder when 1564204 is divided by 5753.
5141
Calculate the remainder when 481666 is divided by 20939.
69
Calculate the remainder when 1432934 is divided by 358231.
10
What is the remainder when 91680 is divided by 1103?
131
What is the remainder when 1306088 is divided by 186552?
224
What is the remainder when 2773427 is divided by 180?
167
Calculate the remainder when 74656 is divided by 74648.
8
Calculate the remainder when 3206962329 is divided by 715.
714
What is the remainder when 314890 is divided by 24156?
862
What is the remainder when 1285753 is divided by 98902?
27
Calculate the remainder when 424356 is divided by 424337.
19
What is the remainder when 256293 is divided by 393?
57
What is the remainder when 907834 is divided by 301613?
2995
What is the remainder when 335543 is divided by 610?
43
Calculate the remainder when 89394805 is divided by 550.
5
What is the remainder when 1614677902 is divided by 31?
29
What is the remainder when 484387 is divided by 15128?
291
Calculate the remainder when 14710 is divided by 8254.
6456
Calculate the remainder when 3751020 is divided by 3751012.
8
What is the remainder when 3626755 is divided by 14?
13
What is the remainder when 1356850 is divided by 5?
0
Calculate the remainder when 360775 is divided by 1257.
16
Calculate the remainder when 1597537 is divided by 2064.
1
What is the remainder when 7935736 is divided by 89?
51
Calculate the remainder when 442420 is divided by 1659.
1126
Calculate the remainder when 4540518 is divided by 1513487.
57
Calculate the remainder when 837607 is divided by 212.
207
What is the remainder when 431889328 is divided by 2828?
2824
Calculate the remainder when 591081 is divided by 1095.
876
What is the remainder when 449627 is divided by 11240?
27
What is the remainder when 6176035 is divided by 7215?
7210
What is the remainder when 2464857 is divided by 1410?
177
Calculate the remainder when 259456 is divided by 28828.
4
Calculate the remainder when 179835 is divided by 29949.
141
Calculate the remainder when 288682 is divided by 38.
34
What is the remainder when 717108 is divided by 857?
656
Calculate the remainder when 19314850 is divided by 4045.
4020
What is the remainder when 33426808 is divided by 11883?
11812
What is the remainder when 53348 is divided by 3272?
996
What is the remainder when 861372 is divided by 861346?
26
Calculate the remainder when 432482526 is divided by 7.
0
What is the remainder when 16081253 is divided by 1590?
1583
What is the remainder when 11320 is divided by 60?
40
What is the remainder when 1952410 is divided by 4716?
4702
Calculate the remainder when 703384 is divided by 2634.
106
What is the remainder when 8549 is divided by 2784?
197
What is the remainder when 729071 is divided by 1242?
17
Calculate the remainder when 10658145 is divided by 1755.
30
Calculate the remainder when 158304 is divided by 3438.
156
Calculate the remainder when 2766593 is divided by 2557.
2476
What is the remainder when 190824 is divided by 354?
18
Calculate the remainder when 1247605 is divided by 4620.
205
What is the remainder when 2046146 is divided by 1207?
281
Calculate the remainder when 1286373 is divided by 119.
102
What is the remainder when 24221810 is divided by 4844361?
5
Calculate the remainder when 672719 is divided by 672558.
161
What is the remainder when 1533845 is divided by 209?
203
Calculate the remainder when 121868 is divided by 60322.
1224
What is the remainder when 34916350 is divided by 28?
14
Calculate the remainder when 19185884 is divided by 6395291.
11
What is the remainder when 8532308 is divided by 215?
33
What is the remainder when 254989 is divided by 221?
176
What is the remainder when 1368554 is divided by 456115?
209
What is the remainder when 3768707 is divided by 973?
278
Calculate the remainder when 46107149 is divided by 75.
74
What is the remainder when 542057 is divided by 1002?
977
What is the remainder when 3183008618 is divided by 110?
108
What is the remainder when 11698 is divided by 301?
260
What is the remainder when 93741 is divided by 3906?
3903
Calculate the remainder when 60253694 is divided by 2991.
2990
Calculate the remainder when 665968 is divided by 1325.
818
What is the remainder when 30454 is divided by 29496?
958
What is the remainder when 12414645 is divided by 1773520?
5
What is the remainder when 68087 is divided by 3221?
446
What is the remainder when 20386499 is divided by 57?
50
What is the remainder when 53735475 is divided by 5214?
5205
Calculate the remainder when 231200820 is divided by 6542.
6540
Calculate the remainder when 469963 is divided by 58676.
555
Calculate the remainder when 10726 is divided by 1773.
88
What is the remainder when 18185849 is divided by 1298987?
31
Calculate the remainder when 6037433 is divided by 154805.
38
Calculate the remainder when 6603 is divided by 686.
429
What is the remainder when 2620380 is divided by 602?
476
What is the remainder when 6225076 is divided by 2074948?
232
Calculate the remainder when 1248631 is divided by 125.
6
Calculate the remainder when 11035440 is divided by 42773.
6
Calculate the remainder when 9688 is divided by 984.
832
Calculate the remainder when 2793308 is divided by 1431.
1427
What is the remainder when 143294425 is divided by 38?
35
Calculate the remainder when 23505018 is divided by 452.
114
Calculate the remainder when 294519 is divided by 41300.
5419
What is the remainder when 888916 is divided by 38636?
288
What is the remainder when 9554655 is divided by 161938?
313
What is the remainder when 374313 is divided by 2956?
1857
What is the remainder when 32322 is divided by 32293?
29
What is the remainder when 7988747 is divided by 4?
3
What is the remainder when 70232423 is divided by 23?
14
Calculate the remainder when 11129710 is divided by 3709899.
13
Calculate the remainder when 15862653 is divided by 3.
0
What is the remainder when 420657 is divided by 33994?
12729
What is the remainder when 1288220 is divided by 71?
67
Calculate the remainder when 7089484 is divided by 221545.
44
What is the remainder when 179041 is divided by 2792?
353
Calculate the remainder when 20721999 is divided by 2960279.
46
What is the remainder when 73849 is divided by 361?
205
What is the remainder when 552991 is divided by 406?
19
Calculate the remainder when 9262913 is divided by 4827.
4727
What is the remainder when 21095585 is divided by 41?
19
Calculate the remainder when 258190 is divided by 1076.
1026
Calculate the remainder when 19378713 is divided by 3907.
3900
Calculate the remainder when 178770 is divided by 59569.
63
Calculate the remainder when 23577418 is divided by 697.
696
What is the remainder when 339139 is divided by 4346?
151
What is the remainder when 43263582 is divided by 10815894?
6
Calculate the remainder when 12840626 is divided by 9.
2
What is the remainder when 4779636 is divided by 41926?
72
Calculate the remainder when 4019309 is divided by 803824.
189
What is the remainder when 1336587 is divided by 49503?
6
What is the remainder when 1455411 is divided by 727685?
41
What is the remainder when 1436117 is divided by 18?
5
Calculate the remainder when 252407 is divided by 1867.
362
What is the remainder when 32221886 is divided by 632?
630
What is the remainder when 4398116 is divided by 47?
44
What is the remainder when 1422039 is divided by 418?
3
What is the remainder when 170229860 is divided by 1510?
10
What is the remainder when 2143475 is divided by 178615?
95
What is the remainder when 487964 is divided by 272?
268
Calculate the remainder when 240432 is divided by 240411.
21
Calculate the remainder when 692938 is divided by 1150.
638
What is the remainder when 355277 is divided by 10760?
197
Calculate the remainder when 608859 is divided by 1481.
168
Calculate the remainder when 27411115 is divided by 2371.
2355
What is the remainder when 27546675 is divided by 3141?
105
Calculate the remainder when 92827 is divided by 357.
7
Calculate the remainder when 1782652 is divided by 8531.
8204
Calcul